s the remainder when 62 is divided by 15?
2
Calculate the remainder when 2205 is divided by 96.
93
Calculate the remainder when 67 is divided by 25.
17
What is the remainder when 1453 is divided by 248?
213
What is the remainder when 618 is divided by 23?
20
Calculate the remainder when 316 is divided by 4.
0
Calculate the remainder when 639 is divided by 64.
63
What is the remainder when 8019 is divided by 348?
15
Calculate the remainder when 71 is divided by 41.
30
Calculate the remainder when 291 is divided by 37.
32
What is the remainder when 325 is divided by 174?
151
What is the remainder when 212 is divided by 20?
12
Calculate the remainder when 760 is divided by 91.
32
What is the remainder when 444 is divided by 219?
6
Calculate the remainder when 127 is divided by 44.
39
What is the remainder when 184 is divided by 2?
0
Calculate the remainder when 971 is divided by 40.
11
Calculate the remainder when 528 is divided by 109.
92
What is the remainder when 238 is divided by 15?
13
What is the remainder when 94 is divided by 32?
30
Calculate the remainder when 44 is divided by 15.
14
Calculate the remainder when 196 is divided by 3.
1
Calculate the remainder when 916 is divided by 46.
42
Calculate the remainder when 395 is divided by 85.
55
Calculate the remainder when 72 is divided by 35.
2
What is the remainder when 3034 is divided by 62?
58
What is the remainder when 442 is divided by 67?
40
Calculate the remainder when 11334 is divided by 13.
11
What is the remainder when 925 is divided by 9?
7
What is the remainder when 12684 is divided by 26?
22
Calculate the remainder when 86 is divided by 19.
10
Calculate the remainder when 142 is divided by 70.
2
What is the remainder when 350 is divided by 17?
10
What is the remainder when 257 is divided by 67?
56
Calculate the remainder when 8981 is divided by 6.
5
Calculate the remainder when 1437 is divided by 90.
87
Calculate the remainder when 422 is divided by 104.
6
What is the remainder when 57472 is divided by 13?
12
What is the remainder when 26 is divided by 26?
0
What is the remainder when 626 is divided by 125?
1
Calculate the remainder when 2551 is divided by 64.
55
Calculate the remainder when 13931 is divided by 54.
53
What is the remainder when 66078 is divided by 280?
278
Calculate the remainder when 2398 is divided by 395.
28
Calculate the remainder when 6025 is divided by 46.
45
Calculate the remainder when 4953 is divided by 42.
39
Calculate the remainder when 53 is divided by 14.
11
Calculate the remainder when 303 is divided by 9.
6
Calculate the remainder when 2111 is divided by 120.
71
What is the remainder when 871 is divided by 289?
4
What is the remainder when 5640 is divided by 182?
180
Calculate the remainder when 304 is divided by 34.
32
Calculate the remainder when 920 is divided by 150.
20
What is the remainder when 1283 is divided by 25?
8
Calculate the remainder when 235 is divided by 30.
25
Calculate the remainder when 40 is divided by 4.
0
What is the remainder when 610 is divided by 34?
32
What is the remainder when 9 is divided by 1?
0
What is the remainder when 44 is divided by 27?
17
What is the remainder when 349 is divided by 76?
45
What is the remainder when 181 is divided by 69?
43
What is the remainder when 201 is divided by 8?
1
Calculate the remainder when 209 is divided by 22.
11
Calculate the remainder when 1009 is divided by 102.
91
What is the remainder when 782 is divided by 114?
98
Calculate the remainder when 1588 is divided by 76.
68
Calculate the remainder when 66 is divided by 24.
18
Calculate the remainder when 5249 is divided by 50.
49
Calculate the remainder when 395 is divided by 46.
27
Calculate the remainder when 392 is divided by 13.
2
What is the remainder when 27562 is divided by 37?
34
Calculate the remainder when 92 is divided by 26.
14
Calculate the remainder when 10108 is divided by 88.
76
Calculate the remainder when 412 is divided by 59.
58
Calculate the remainder when 201 is divided by 192.
9
Calculate the remainder when 915 is divided by 11.
2
What is the remainder when 377 is divided by 38?
35
What is the remainder when 786 is divided by 43?
12
What is the remainder when 94 is divided by 8?
6
Calculate the remainder when 2709 is divided by 272.
261
What is the remainder when 221 is divided by 29?
18
What is the remainder when 96 is divided by 82?
14
Calculate the remainder when 1394 is divided by 14.
8
Calculate the remainder when 237 is divided by 210.
27
Calculate the remainder when 2903 is divided by 3.
2
What is the remainder when 92 is divided by 48?
44
What is the remainder when 122 is divided by 44?
34
What is the remainder when 1982 is divided by 991?
0
Calculate the remainder when 1981 is divided by 31.
28
What is the remainder when 395 is divided by 25?
20
Calculate the remainder when 93 is divided by 8.
5
What is the remainder when 1766 is divided by 61?
58
Calculate the remainder when 263 is divided by 56.
39
Calculate the remainder when 89 is divided by 27.
8
Calculate the remainder when 28 is divided by 15.
13
What is the remainder when 9710 is divided by 83?
82
What is the remainder when 13085 is divided by 154?
149
What is the remainder when 6549 is divided by 2180?
9
What is the remainder when 68 is divided by 20?
8
Calculate the remainder when 1295 is divided by 310.
55
Calculate the remainder when 26 is divided by 21.
5
Calculate the remainder when 391 is divided by 105.
76
What is the remainder when 247 is divided by 14?
9
Calculate the remainder when 9825 is divided by 52.
49
What is the remainder when 368 is divided by 101?
65
What is the remainder when 3956 is divided by 24?
20
What is the remainder when 88 is divided by 5?
3
What is the remainder when 473 is divided by 22?
11
What is the remainder when 152 is divided by 61?
30
Calculate the remainder when 458 is divided by 19.
2
Calculate the remainder when 444 is divided by 374.
70
What is the remainder when 18 is divided by 7?
4
Calculate the remainder when 2831 is divided by 26.
23
What is the remainder when 326 is divided by 150?
26
What is the remainder when 349 is divided by 16?
13
What is the remainder when 2597 is divided by 137?
131
Calculate the remainder when 274 is divided by 11.
10
What is the remainder when 1502 is divided by 14?
4
Calculate the remainder when 565 is divided by 18.
7
Calculate the remainder when 230 is divided by 53.
18
What is the remainder when 4919 is divided by 120?
119
What is the remainder when 1226 is divided by 95?
86
What is the remainder when 108 is divided by 77?
31
Calculate the remainder when 220 is divided by 32.
28
Calculate the remainder when 597 is divided by 40.
37
Calculate the remainder when 3144 is divided by 286.
284
Calculate the remainder when 826 is divided by 5.
1
What is the remainder when 432 is divided by 118?
78
What is the remainder when 86 is divided by 20?
6
Calculate the remainder when 2085 is divided by 267.
216
What is the remainder when 150 is divided by 61?
28
Calculate the remainder when 1968 is divided by 32.
16
What is the remainder when 1555 is divided by 51?
25
Calculate the remainder when 2348 is divided by 147.
143
Calculate the remainder when 544 is divided by 21.
19
What is the remainder when 4301 is divided by 81?
8
Calculate the remainder when 313 is divided by 6.
1
Calculate the remainder when 208 is divided by 15.
13
Calculate the remainder when 628 is divided by 30.
28
What is the remainder when 139 is divided by 128?
11
Calculate the remainder when 105 is divided by 14.
7
What is the remainder when 2253 is divided by 2?
1
Calculate the remainder when 430 is divided by 12.
10
What is the remainder when 1379 is divided by 66?
59
What is the remainder when 210 is divided by 44?
34
What is the remainder when 806 is divided by 107?
57
What is the remainder when 2127 is divided by 78?
21
What is the remainder when 21 is divided by 7?
0
Calculate the remainder when 3185 is divided by 22.
17
Calculate the remainder when 422 is divided by 54.
44
What is the remainder when 206 is divided by 185?
21
What is the remainder when 748 is divided by 120?
28
Calculate the remainder when 154 is divided by 90.
64
Calculate the remainder when 468 is divided by 136.
60
Calculate t